 a composite number?
True
Is 37031 composite?
True
Is 126937 composite?
True
Is 31235 a composite number?
True
Is 7639 composite?
False
Is 666937 a composite number?
False
Is 43093 composite?
False
Is 4373 composite?
False
Is 609899 a composite number?
True
Is 145399 a composite number?
False
Is 112799 prime?
True
Is 5045 a prime number?
False
Is 47453 a prime number?
False
Is 562831 prime?
True
Is 1852859 composite?
False
Is 32447 composite?
True
Is 391223 a prime number?
False
Is 43997 a composite number?
False
Is 17239 a composite number?
False
Is 546699 prime?
False
Is 2415607 composite?
False
Is 430381 prime?
False
Is 3623 composite?
False
Is 69191 a prime number?
True
Is 2845757 prime?
False
Is 99079 composite?
False
Is 53057 a prime number?
False
Is 22757 prime?
False
Is 38149 composite?
False
Is 337774 a composite number?
True
Is 63721 prime?
False
Is 194617 a prime number?
False
Is 26237 composite?
False
Is 77819 a prime number?
False
Is 2837 a prime number?
True
Is 168803 prime?
True
Is 25667 a composite number?
False
Is 21923 a prime number?
False
Is 10891 composite?
False
Is 679 a prime number?
False
Is 8663 composite?
False
Is 1078793 a prime number?
False
Is 18427 prime?
True
Is 1249 prime?
True
Is 9755 prime?
False
Is 130003 prime?
True
Is 671059 a prime number?
True
Is 3943 a prime number?
True
Is 20671 composite?
True
Is 8353 a composite number?
False
Is 163 a prime number?
True
Is 35779 composite?
True
Is 25507 prime?
False
Is 326021 prime?
False
Is 25611 a prime number?
False
Is 541 composite?
False
Is 1292609 prime?
True
Is 68546 a prime number?
False
Is 1709 a composite number?
False
Is 19733 prime?
False
Is 418163 a prime number?
False
Is 47251 a prime number?
True
Is 233069 a composite number?
False
Is 467209 composite?
False
Is 4529 a composite number?
True
Is 84299 a composite number?
False
Is 179419 a composite number?
True
Is 17998 a prime number?
False
Is 61001 prime?
True
Is 15421 a composite number?
True
Is 484927 a prime number?
True
Is 4765 a prime number?
False
Is 3163 composite?
False
Is 192139 a composite number?
True
Is 5639 prime?
True
Is 46285 a prime number?
False
Is 40879 composite?
False
Is 87539 prime?
True
Is 150697 a prime number?
True
Is 60301 a composite number?
True
Is 166457 composite?
False
Is 3491 composite?
False
Is 3802 a composite number?
True
Is 275801 prime?
False
Is 2459 composite?
False
Is 122818 a composite number?
True
Is 112979 prime?
True
Is 246599 composite?
False
Is 19115 composite?
True
Is 2478997 a composite number?
False
Is 2609 prime?
True
Is 40907 composite?
True
Is 119891 prime?
True
Is 96001 prime?
True
Is 3742 composite?
True
Is 2249 prime?
False
Is 1459 a prime number?
True
Is 31957 a prime number?
True
Is 2918621 composite?
False
Is 50899 composite?
True
Is 697063 a prime number?
True
Is 1141901 prime?
True
Is 665111 composite?
False
Is 1151 prime?
True
Is 90547 composite?
False
Is 3299 composite?
False
Is 1690135 a composite number?
True
Is 109433 a composite number?
False
Is 21001 prime?
True
Is 536353 composite?
False
Is 46297 a prime number?
False
Is 430649 a prime number?
True
Is 262039 prime?
False
Is 1373 a prime number?
True
Is 11729 a prime number?
False
Is 575097 prime?
False
Is 10973 prime?
True
Is 22889 prime?
False
Is 538357 a composite number?
False
Is 332281 prime?
False
Is 1317565 prime?
False
Is 560137 prime?
True
Is 7984721 prime?
True
Is 97471 a composite number?
True
Is 982741 a composite number?
False
Is 147569 composite?
True
Is 28163 a composite number?
False
Is 45943 a prime number?
True
Is 581523 a composite number?
True
Is 865 prime?
False
Is 134207 a prime number?
True
Is 189757 composite?
False
Is 301045 prime?
False
Is 174367 composite?
False
Is 11717 composite?
False
Is 4453321 prime?
True
Is 30971 composite?
False
Is 22777 prime?
True
Is 413 composite?
True
Is 5942 composite?
True
Is 430343 composite?
False
Is 438595 a composite number?
True
Is 338119 composite?
False
Is 18842 prime?
False
Is 71783 a composite number?
True
Is 1999457 composite?
True
Is 5853343 a composite number?
False
Is 17074 a prime number?
False
Is 77383 prime?
True
Is 85411 prime?
True
Is 93085 composite?
True
Is 192785 a prime number?
False
Is 9131 prime?
False
Is 3251 composite?
False
Is 42037 composite?
True
Is 695427 prime?
False
Is 129205 a composite number?
True
Is 4360249 a prime number?
False
Is 2409547 composite?
True
Is 45635 a composite number?
True
Is 11351 prime?
True
Is 23266 a composite number?
True
Is 422043 prime?
False
Is 240587 composite?
False
Is 301045 a prime number?
False
Is 467537 prime?
False
Is 156467 composite?
False
Is 6931 prime?
False
Is 16773 a prime number?
False
Is 10843 a composite number?
True
Is 307669 a prime number?
True
Is 20665 prime?
False
Is 158659 a prime number?
False
Is 9599 a prime number?
False
Is 5911 prime?
False
Is 59897 a prime number?
False
Is 1305157 a composite number?
True
Is 1166311 composite?
False
Is 15297 prime?
False
Is 198337 a prime number?
True
Is 8443 a prime number?
True
Is 843 composite?
True
Is 3803 composite?
False
Is 9266089 a composite number?
True
Is 3377 composite?
True
Is 35069 prime?
True
Is 40543 a prime number?
True
Is 4727 prime?
False
Is 331489 a prime number?
True
Is 6778 a prime number?
False
Is 218417 a prime number?
True
Is 1115 a prime number?
False
Is 18451 a composite number?
False
Is 69809 a composite number?
False
Is 25657 a prime number?
True
Is 4237 a composite number?
True
Is 10533 prime?
False
Is 4703 prime?
True
Is 36422 a prime number?
False
Is 282281 composite?
False
Is 218021 composite?
False
Is 156913 a prime number?
True
Is 386219 a prime number?
True
Is 114467 a composite number?
False
Is 252139 prime?
True
Is 2333 a prime number?
True
Is 150373 composite?
False
Is 458309 prime?
True
Is 14519 prime?
True
Is 2551 prime?
True
Is 1743311 prime?
False
Is 7349 a composite number?
False
Is 623477 prime?
True
Is 127345 composite?
True
Is 126743 a prime number?
True
Is 488629 prime?
False
Is 10637 composite?
True
Is 18737 prime?
False
Is 303167 a prime number?
False
Is 609694 a prime number?
False
Is 21347 a composite number?
False
Is 43049 prime?
True
Is 9479 a prime number?
True
Is 73751 a prime number?
True
Is 1822 composite?
True
Is 62459 a prime number?
True
Is 6101 a composite number?
False
Is 885211 a prime number?
False
Is 9793 composite?
True
Is 77365 a composite number?
True
Is 12557 prime?
False
Is 1046062 prime?
False
Is 724921 a prime number?
False
Is 20879 a composite number?
False
Is 420659 a composite number?
True
Is 2317891 a composite number?
False
Is 26147 a prime number?
False
Is 509 a prime number?
True
Is 148619 a prime number?
False
Is 499819 prime?
True
Is 10037 a composite number?
False
Is 74379 a prime number?
False
Is 6153629 prime?
False
Is 544367 prime?
True
Is 9601 composite?
False
Is 40151 composite?
False
Is 1239937 prime?
False
Is 42751 a composite number?
False
Is 113501 composite?
False
Is 1059433 prime?
True
Is 264827 composite?
False
Is 185 a composite number?
True
Is 42953 a prime number?
True
Is 5303 composite?
False
Is 294274 a prime number?
False
Is 771 composite?
True
Is 359497 prime?
False
Is 45215 prime?
False
Is 12055 prime?
False
Is 8587 prime?
False
Is 535057 composite?
True
Is 14143 a composite number?
False
Is 91886 a prime number?
False
Is 2991 prime?
False
Is 19889 composite?
False
Is 723023 a prime number?
False
Is 5316229 prime?
True
Is 6323 a prime number?
True
Is 893207 a composite number?
True
Is 937 prime?
True
Is 183089 prime?
True
Is 1401 composite?
True
Is 144223 prime?
True
Is 12677 prime?
False
Is 807 a prime number?
False
Is 3491 prime?
True
Is 234349 a composite number?
True
Is 174821 a composite number?
False
Is 47065 composite?
True
Is 20765 composite?
True
Is 2599 a prime number?
False
Is 72521 prime?
False
Is 26653 a prime number?
False
Is 3090227 a composite number?
True
Is 108427 composite?
True
Is 2128963 a prime number?
True
Is 8329 a prime number?
True
Is 81479 a composite number?
True
Is 34793 prime?
False
Is 1361 a prime number?
True
Is 444739 a composite number?
False
Is 83207 a composite number?
False
Is 286021 composite?
True
Is 874301 a composite number?
False
Is 234121 a composite number?
False
Is 